/4 + 2*v**3 + 3*v**2 + 8*v - 3. What is the units digit of h(z)?
1
Let d(r) = -9*r - 3. Let z(u) = -5*u - 1. Let o(t) = -3*d(t) + 5*z(t). What is the units digit of o(5)?
4
Let a be 2 + -2 - (0 + 4). Let i = a + 3. What is the tens digit of (7/14)/(i/(-26))?
1
What is the tens digit of -13*((-2 - 2) + 3)?
1
Suppose -3*g = -1 - 5. Suppose -g*r = -4*r + 26. Suppose 3*s - r = 2. What is the units digit of s?
5
Let i = 58 + 94. What is the hundreds digit of i?
1
Suppose -4*h + 7 = 2*p - 5, 4*h + p - 14 = 0. Let i = h - 2. What is the units digit of i?
2
Suppose 6*y + 11*y - 5763 = 0. What is the tens digit of y?
3
Let g = -61 + 66. What is the units digit of g?
5
Suppose 0 = -4*t - 43 + 159. What is the units digit of t?
9
Let t = 3 + -1. Let v = 4 - t. What is the units digit of ((-3)/2)/(v/(-4))?
3
Let k = 80 - 32. What is the units digit of k?
8
Suppose -3*v - 10*w = -5*w - 204, w = -v + 70. What is the units digit of v?
3
Suppose 2*c = 5*t - 18, 5*c = -5*t + 2*t + 17. Let f be c/2 + (-1)/2. Let g = f + 8. What is the units digit of g?
8
Let i = -11 + 16. Suppose 0 = w + 4*w + 30. What is the units digit of (i/(-3))/(1/w)?
0
Suppose -2*d = 3*p - p - 110, -p - 4*d + 64 = 0. What is the units digit of p?
2
Let f = -134 + 245. What is the tens digit of f?
1
Let f = 35 - 31. What is the units digit of f?
4
Let a be -3 + (-1)/(3/(-6)). Let j(g) = 7*g + 1. Let w be j(a). What is the units digit of (-21)/2*4/w?
7
Let y(v) = v**3 - 8*v**2 + 10*v - 11. What is the tens digit of y(7)?
1
Let b(y) = -y**3 - 4*y**2 + 6*y + 2. Let o be b(-6). Suppose 2*x + 12 = o. What is the tens digit of x?
1
Suppose w = -4*w - 40. Let p = w + 21. What is the units digit of p + (-5 - (-4)/2)?
0
Let a(y) = -y**3 + 5*y**2 - 2*y + 5. Let l be a(4). Suppose 2*o = o + l. What is the units digit of o?
3
Suppose r + 105 = 6*r. What is the tens digit of r?
2
Let m = -19 - -92. What is the units digit of m?
3
Suppose q = -4*l + 2*q + 4, 2*l - 5*q - 2 = 0. Suppose 2*v - 3 - l = 0. Suppose 5*i - 37 = -v. What is the units digit of i?
7
Let z(j) = j**3 - 6*j**2 + 6*j - 5. Let p be z(5). Suppose p*t = 3*t - 18. What is the units digit of t?
6
Suppose -4*h + 18 = -6. Let f = h - 0. What is the units digit of f?
6
Let a = 9 + -3. What is the units digit of a?
6
Suppose -4*b + 8*b + 8 = 0. What is the units digit of b/(-6) + 46/6?
8
Let j(k) = -3*k - 4. Suppose -f = 5*m - 2*f + 16, -4*m - f = 20. Let a be j(m). Let b = a + -5. What is the units digit of b?
3
Let l(a) = 30*a**2 + 3*a + 2. What is the units digit of l(-1)?
9
Let t be ((-1)/2)/(4/(-24)). Suppose 0 = -5*s + t*j - 330, s = 3*j - 2*j - 66. What is the units digit of 2/5 - s/10?
7
Let p(a) = -2*a. Let q be p(-2). Suppose 4*z - 14 = 2*z. Let r = q + z. What is the tens digit of r?
1
Let u(n) = 11*n + 1. Let x = 9 - 6. Let i be u(x). Suppose 0 = -5*t + 3*t + i. What is the units digit of t?
7
Let j(t) = 7*t - 1. Let z be j(1). Suppose -a + 21 = z. What is the units digit of a?
5
Let k(b) = b**2 + 11*b + 13. What is the units digit of k(-10)?
3
Let r(o) = o - 8. Let q be r(10). Suppose q*j = 6*j + 8. Let a = j + 5. What is the units digit of a?
3
What is the tens digit of (-3)/((1 + 2)/(-81))?
8
Suppose 3*r - 89 = 25. What is the tens digit of r?
3
Let k(m) = -12*m + 1. Let l be k(2). Let t = 14 + l. Let c = 28 + t. What is the tens digit of c?
1
Let p(s) = -s**2 + 6*s - 4. Let m be p(4). Suppose -4*y - f = f - 46, 0 = -m*f - 4. Let n(q) = -q**2 + 12*q + 15. What is the units digit of n(y)?
5
Suppose 0 = 5*l + 3*y - 1200 + 386, 4*l + 5*y = 646. What is the hundreds digit of l?
1
Let d(x) = -x**3 - 3*x + 4. What is the tens digit of d(-3)?
4
Let a = 42 - 27. Let q be 2/(-8)*(-9 + 9). Suppose q*s = -s + a. What is the tens digit of s?
1
Suppose 138 = 4*t - 2*r, 0 = t - 2*t - 4*r + 48. Suppose -b + t = b. What is the tens digit of b?
1
Suppose p = 6*p. Suppose 4*m - 20 = 0, -2*v + p*v = 3*m - 37. What is the units digit of v?
1
Let d(q) = 2*q**2 + 4*q - 5. What is the units digit of d(-4)?
1
Let s = 11 - 18. Let t = 1 + s. What is the units digit of (-9)/t*2/1?
3
Let g(o) = -2*o - 2*o + 6*o + 1 + 7*o. What is the units digit of g(1)?
0
Suppose 4*b - 25 = 59. Suppose 5*m - b = 4. Suppose -t - 36 = -0*p - m*p, 3*t + 10 = p. What is the units digit of p?
7
Suppose 0 = 5*w - 234 + 34. What is the units digit of w?
0
Let l(u) = -5*u**2 - 3*u. Let o(x) = 24*x**2 + 14*x. Let c(q) = 14*l(q) + 3*o(q). What is the units digit of c(2)?
8
Let y(d) = -d + 7. Let i be y(6). Let h(f) = 8*f - 10*f + 6*f**2 + f. What is the units digit of h(i)?
5
Let t(u) = 2*u + 1. Let y be t(1). Let i be (-9)/(-6) - y/6. Let j = 4 - i. What is the units digit of j?
3
Suppose 2*a = -2*m + 47 - 11, -2*m - 102 = -4*a. What is the tens digit of a?
2
Let d = -94 + 171. What is the tens digit of d?
7
Suppose 2*i = -3*i + 5. Suppose t - 20 = -3*t. Suppose -t*d + 2*d + 11 = -5*v, d + i = 4*v. What is the units digit of d?
7
Let t(l) = -3*l - 8. Let p be t(-6). Let d be (p/3)/1*-3. Let r(s) = -2*s - 5. What is the units digit of r(d)?
5
Let b be (-3 - (-3 + -6)) + -1. Suppose -4*i + 26 = 5*k, -i + 11 = -6*k + b*k. What is the units digit of i?
9
Suppose 4*s = -3*o - 2*o + 11, 4*s - 14 = -2*o. Suppose s = k + k. Suppose p - k*p = -8. What is the units digit of p?
8
Suppose 69 = 2*z - 99. Suppose -2*f = 3*u - 49, 2*f = 4*u - 0*f - z. What is the units digit of u?
9
Let j = 2 + 0. Let c be (-9)/(-7) - j/7. What is the units digit of (c + -2)*3 - -15?
2
Let m = -4 + 3. Let z = m - -19. What is the units digit of (-4)/z + (-112)/(-18)?
6
Let y(k) = -2*k + 13. What is the units digit of y(4)?
5
Let y be ((-8)/(-2))/1 + -10. Let z(m) = -2*m - 4 + 0 - 1. What is the units digit of z(y)?
7
Let p(j) = -j**3 + 3*j**2 + 3. Let w be p(3). Let n(k) = -k**3 + 4*k**2 - k - 2. Let f be n(w). Suppose 2*x - f = 6. What is the units digit of x?
5
Suppose -b = -4*b - 6. Let t be 0 - (33/3 + b). What is the units digit of (-114)/t + 4/(-6)?
2
Suppose -2*b - 11 = -3*b. Let j = b - 6. What is the units digit of j?
5
Let x be 5 + 0 + -3 + -6. What is the units digit of (-95)/(-4) + (-1)/x?
4
What is the units digit of 1/(-2) - (-796)/8?
9
Let r(o) = -o**2 + 2*o - 3. Let z be r(4). Suppose 3*p - 7*p + 72 = 0. Let f = p + z. What is the units digit of f?
7
Suppose 6*j = 10*j - 108. What is the units digit of j?
7
What is the tens digit of (-1)/(6/398)*(4 + -7)?
9
Suppose -44 = -4*w - 0. What is the tens digit of w?
1
Let x(k) = 40*k**2 - 4*k - 3. What is the units digit of x(-1)?
1
Let j = -25 - -61. Let r = 17 - 11. Suppose r + 6 = 2*z + 2*i, j = 5*z + 3*i. What is the units digit of z?
9
Suppose 2*w = w. Let r be (-2)/4*-2*4. Suppose w*u - u = -r. What is the units digit of u?
4
Let z(i) = -9*i - 30. What is the units digit of z(-16)?
4
Let h(q) = 0 + 7 + 6*q - 1. Let v(p) = -7*p - 7. Let x(u) = 6*h(u) + 5*v(u). What is the units digit of x(0)?
1
Suppose 3*u + 128 = 7*u. What is the tens digit of u?
3
Suppose -5*s - 393 = -1038. What is the units digit of s?
9
Let t = 0 + 0. Suppose t = -5*s - 20 + 100. Suppose p + s = -4*k, 2*p - 2*k = k + 23. What is the units digit of p?
4
Suppose 0 = 4*f - 5*o + 2 - 9, -4*f + 11 = -o. What is the units digit of (3/(-2))/(f/(-26))?
3
Let m(w) = -w + 4. Let a be m(5). Let u = a + 6. Suppose -u*k + 18 + 17 = 0. What is the units digit of k?
7
Let w(g) = g**3 - g**2 - 6*g + 6. Suppose 0 = 3*f + f + 28. Let p(n) = 2*n**3 - 3*n**2 - 12*n + 12. Let s(c) = f*w(c) + 4*p(c). What is the units digit of s(6)?
6
Let r(f) = -f + 9. Let o = 0 - 0. What is the units digit of r(o)?
9
Let l(z) = -z**2 - z + 30. Let f be l(0). What is the units digit of 246/f + 2/(-10)?
8
Let v(d) = d**3 + 6*d**2 - 6*d + 9. Suppose 5*u - 2 + 45 = -4*s, 0 = u - 3*s + 1. What is the units digit of v(u)?
2
Let v(w) = 178*w**2 - 2. What is the units digit of v(-1)?
6
Let f(o) = -o**3 + 5*o**2 - 5*o + 4. Let q be f(3). Let c = 11 - q. Suppose 30 = c*l - 3*r - 0*r, 3*r = -5*l + 51. What is the units digit of l?
9
What is the tens digit of 9*((-130)/(-15) + -2)?
6
Suppose -2*i = -5*h - 23, 2*h = 10 - 0. Let m = i - 14. What is the tens digit of m?
1
Let x(j) = -16*j - 8. Let q be x(-4). What is the units digit of (q/(-6))/(8/(-24))?
8
Let h(z) = -z**2 - 4*z + 5. Let r be h(-4). Let f = 6 - r. Suppos